e value of 20 - (-51 + 41 + (-2 - 12))?
44
1 - 9 - (-125 + 88 + 38) - 15
-24
What is the value of (-60 - (-24 + 52 + -9)) + -23?
-102
Evaluate (-1 - (1 - -29) - 2) + -81 + 34 + 44.
-36
What is the value of 11 - (-15 + -1 - (-23 + 14 + -6))?
12
What is the value of 512 + -249 - (12 + 140)?
111
Evaluate (3 + -2 - 2) + -51 + (129 - 131).
-54
Evaluate 75 + (-38 - (82 - 162)).
117
(-43 + -29 - -37 - 101) + 0 + 3 + 4
-129
What is the value of -67 + (2 + 0 - -4) + -25 + 26?
-60
-4 - (-8 + -1 + ((-4 - -6) + 4 - 30))
29
What is the value of (1 - 3) + -7 + -92 + 95 - (-87 - -57)?
24
Calculate 23 - ((29 - 30) + 24).
0
(0 - 12) + ((6 - 5) + -30 - (-569 + 550))
-22
What is 92 + (-87 - (-30 - 20))?
55
Evaluate 7308 + -7327 - (3 - ((-2 - -2) + -13)).
-35
What is (-48 - (0 - 42)) + -68 + 7?
-67
Calculate 70 + -109 + 5 - -66.
32
What is the value of -3 + -15 + -551 + 565 - 39?
-43
-1 + -31 - (4 - (-11 - -2)) - (1 - -6)
-52
Calculate 14 + (-27 - -1) + (-161 - -153 - (-34 + 1)).
13
24 - (12 - (9 + 15 + -13 + -8))
15
Calculate (-11 + 26 - -58) + -16 + -12.
45
What is 5 + 44 + (-38 - -60)?
71
Evaluate 10 - (72 - (-12 + 0 + 36)).
-38
What is the value of (-3 - -3) + 0 + 35 + -6 + (-571 - -569)?
27
What is 27 - -1 - (-165 + 179)?
14
-48 - -14 - (3 + -14 + -5 + 7)
-25
Calculate -28 - (-88 - -101 - 121).
80
What is 5 + 8 + -29 + 9 - (-62 - 0)?
55
Calculate -23 + 54 + -71 + (-3 + 2 - 10).
-51
(8 - ((-9 - -31) + (4 - -4))) + 5
-17
What is the value of 42 + (4 + -19 - ((12 + 0 - 12) + -12))?
39
What is the value of 79 - (28 + (-8 - (27 + -18)))?
68
What is the value of -1 + 46 + -566 + 487?
-34
-13 + -25 + 121 + -30 - 12
41
Evaluate -51 + (21 - (-46 - -31)).
-15
What is (42 - 32) + (-6 - 12)?
-8
Calculate 50 + (1 + 0 - ((-15 - -18) + 5)) + 4.
47
What is (232 - 209) + -6 + -6 + 3?
14
Evaluate (45 - (-48 + 148)) + -13.
-68
What is the value of 12 - (-54 + -52 + 108)?
10
What is -27 + 36 + -28 - (-4 - (-3 - -1))?
-17
What is the value of 1 + ((-18 - -80) + -13 - (-6 + 3 - -1))?
52
What is 8 + 3 + (-27 + -39 - -32)?
-23
Evaluate -1 + -56 - (46 + -65) - -137.
99
-8 - (-13 + 9) - (39 - -14)
-57
What is the value of -34 + (10 + (-5 - (-6 + 13)) - 12)?
-48
What is -292 + 127 - -98 - -19?
-48
Calculate -72 + (54 + 18 - -52).
52
Evaluate 2038 + -1955 + -117 + 0.
-34
(-1 - 11) + (38 - 99 - -50)
-23
53 + (-99 - 14) - 6
-66
What is the value of 10 - ((-9 + 14 + 8 - 0) + 41)?
-44
-16 - (117 - 121) - ((16 - -1) + -1)
-28
Evaluate 6 + (86 - (-39 - -48 - -25)).
58
What is the value of 4 - ((13 - (28 - (-6 + 20)) - 17) + -1)?
23
What is 72 + (38 - (38 - 9))?
81
What is the value of 65 - (-48 + 55 + 76) - (5 - -1)?
-24
9 + 3 - -1 - ((53 - 58) + 50)
-32
What is the value of 0 + 146 - (-4027 - -4177)?
-4
-60 - (13 + -10) - (270 - 272)
-61
-281 + (-10 - -130) + 214
53
What is -35 + (-12 - (11 + 6) - 50)?
-114
What is the value of -17 + 62 + 4 + -28?
21
What is the value of 5 + -106 + (-54 - -61)?
-94
-13 - (62 - 53 - 4)
-18
What is 1 + (-6 - -1) + -17 + (83 - 92)?
-30
Calculate ((21 - -8) + -12 - -3) + -21.
-1
2 + -17 - (-25 + 21) - 5 - 3
-19
What is (-5 + 4 + (-13 - -6) - -6) + -8 + 43?
33
What is the value of 218 - 218 - (-1 + -8)?
9
What is the value of -50 - (-52 - (47 + -29))?
20
-129 + (127 - 130) - -72
-60
66 + -21 + 20 + (-26 - -37)
76
What is the value of -24 + -38 - -44 - -24?
6
Calculate -38 + (57 + -19 - 12).
-12
Evaluate 7 - (9 + -15 - (8 + -7 + 4)).
18
What is -49 + (-1716 - -1692 - (-17 + 4 + -2))?
-58
What is the value of (60 - 82) + (16 - 10)?
-16
69 - (207 + -51) - ((1 - 3) + -3)
-82
Evaluate 4 - (47 + -47 + 46).
-42
What is 44 - (-46 + 109 + -11)?
-8
What is the value of (-2 - 87) + 442 + -334?
19
What is the value of 3 + (-7 - (33 - (-5 + -1) - (-3 + 2)))?
-44
Calculate (-25 + 7 + -4 - -16) + (-5 - -1) + -34.
-44
What is 50 + 6 - (-5 - -1) - (49 + -39)?
50
(-70 - (0 + -10)) + -11 + -37 + 31
-77
What is the value of 1818 - 1853 - (6 - -6)?
-47
Calculate (-13 - -10) + (22 - -2 - 6).
15
What is the value of 27 - (31 + -33 - 47) - (0 - 4)?
80
Evaluate -15 + (-15 - (-73 - -16)) + 23.
50
(66 - (-2 + 1)) + -9 + 2 + 24 + -13
71
Calculate (71 - 33) + (-1 + 18 - 132).
-77
Calculate -3 - -7 - (-13 + 7 + -9 + 10).
9
Evaluate 34 - (17 - -3) - ((3 - -53) + 2 + -5).
-39
Calculate -10 + 35 + (-97 - -37).
-35
What is the value of (-15 - -7) + 23 - 14?
1
-10 + 34 + (747 + -732 - (-1 + -5))
45
Evaluate (-167 - -59) + 126 + -10.
8
-8 + 18 + (24 - (-16 - (-8 + 4)))
46
-205 + (29 - -16) + 83
-77
What is the value of (-18 - (-44 - -14 - -75)) + -3?
-66
What is 31 + 1 + (-7 - -4) + (39 - -5) + -31?
42
Evaluate -6332 + 6365 + (1 - 42).
-8
What is the value of 22 - ((-18 - 2) + 154 + -120)?
8
Evaluate (-6 + -26 + 21 - -37) + 11 + -2.
35
Evaluate (105 - 91 - -24) + -1 + -188.
-151
What is -44 - (-60 + 149 + -100)?
-33
-27 + 1 - (67 + 61 + -136)
-18
Evaluate -8 + -1 + 0 + -1716 + 1695.
-30
Evaluate (-53 - (6 - (-3 - -12))) + -6.
-56
Evaluate -26 - -46 - ((-36 - (-6 + 7)) + -3).
60
Evaluate -3 + 1 - (-6 - (-5 - -3) - (57 + -62)).
-3
What is (-13 - -14 - -10) + (13 - (2 + (-4 - -1)))?
25
Calculate -2 - ((-39 - -20) + 32 + 1) - -3.
-13
What is the value of -2 + (-3 - ((2 - -10) + 4 + -81)) + -13?
47
Evaluate -13 - ((112 - -67) + -124).
-68
52 + -102 + 27 + -13
-36
-4781 + 4718 + -10 + (2 - 0)
-71
6 + -2 - (3 + 44) - (11 - (-14 - -21))
-47
What is the value of 7 + (-43 - -11) + -23?
-48
Calculate -17 + (28 - (-30 - -17)).
24
What is the value of -28 + (2 - (-30 - 5))?
9
Calculate (2 + -9 - 2) + (6 + 4 - 0).
1
Evaluate (-22 - (102 + -101)) + -59.
-82
Evaluate 51 - (70 - (-59 - -102)).
24
What is the value of (48 - (1 - -3)) + (187 - 208)?
23
Calculate -54 + (41 - 38) + 22.
-29
97 + (-91 - (24 - -84))
-102
45 - 38 - (-12 - -8 - -78) - -16
-51
Evaluate 136 + -54 + -83 + 56.
55
Evaluate (-252 + 136 - -4) + (-1 - 19).
-132
What is 890 + -924 + (29 - -1)?
-4
Evaluate (-8 + 1 - -26) + (-101 + 46 - -4).
-32
What is -23 + 9 + 5 - -13 - -28?
32
What is the value of 6 + -3 + -7 - (-11 + 22 - 34)?
19
-30 - (-4 + 22 + -54 + 13)
-7
118 + (-219 - -112) - (44 + 0)
-33
Calculate -2 + -29 + -15 + 32.
-14
Calculate 4 - (6 + (27 - 8) + -37 - -1).
15
Calculate (-5 - -4) + -23 - (-599 - -587).
-12
What is the value of (12 + -22 - ((-22 - -4) + 15)) + 12?
5
(36 - 1) + 26 + -51 - 79
-69
Calculate -15928 + 15947 - (-1 - 15 - 0).
35
What is the value of -88 - (-55 - -120 - 149)?
-4
What is the value of -8 + 3 + (7 - 18) - 16?
-32
-11 + 18 + 66 + -50
23
-1 + -21 + 3 + (7 - (4 - 6))
-10
(29 - (-4 + 6 + -8)) + (-21 + -2 - -14)
26
8 + (25 - 11) + (-5 - 4) - 8
5
Calculate -25 + -33 + 28 + (-2 - 26).
-58
Evaluate 3 - -20 - 19 - -20.
24
What is (13 - (-12 + (20 - 10))) + -9 + -11?
-5
Calculate 0 + (3 - 13) - (-11 - 12 - 9).
22
Evaluate 23 + -17 - (164 + -160).
2
Calculate (17 - (46 - 26) - (0 + 4)) + 44.
37
What is (63 - -2) + (-5 - (106 + -94))?
48
What is the value of -41 + 8 + 7 + (-39 - -24)?
-41
Evaluate 208 - 164 - ((9 - 7) + 14).
28
Calculate 75 - (-15 + 82) - (-4 - -6 - -1 - 10).
15
What is the value of 34 - (-3 + (-30 + 16 - (-8 - 1)) + 0)?
42
2 + 12 + (7 + 2 + -26 - -19)
16
What is the value of (-2 - -10) + -25 + -11 + 51?
23
Evaluate 23 - (26 + (-18 - -1) + 7) - 18.
-11
Calculate -13 + -7 + 4 + -4 + -2 + -6.
-28
What is (19 - 53) + -8 + 1 + (-51 - -65)?
-27
20 + 24 + 1 + -78
-33
What is 9 + (117 - 10) - (25 + (17 - 45))?
119
Evaluate 146 + -122 + -50 + -9.
-35
What is -3 + (28 + -13 - 5) + -8 - (68 + -4)?
-65
Evaluate 135 + (-6 + 9 - 12) + -8 + 16 + -10.
124
Calculate 14 + 1 - (-25 + (-24 + 12 - -39)).
13
What is -2 - (-99 + (-1 - -9 - (-482 + 478)))?
85
Calculate -782 + 780 + -96 + -8.
-106
(-10 - (13 + 12 + -25 - 4)) + 1
-5
Evaluate 0 - (1 - ((0 - 4) + (-8 - 11))) - -2.
-22
Evaluate (-118 - (-5 + -1)) + 10 + -10 - (-53 + 67).
-126
Calculate (-170 - -192) + -52 + (-4 - -7) + -2.
-29
-11 - -15 - (-59 - (-3 + (4 - 3) - 6))
55
What is 62 + (18 - (-3 - -20)) - (-2 - -14)?
51
What is 6 + -2 + -2 - (3 - 0 - 57)?
56
Evaluate -120 + (-69 - -27 - -266).
104
What is 1 - 7 - (18 + 2 + 15 + (86 - 165))?
38
What is the value of 2 + -32 - 1 - (-7927 + 7908)?
-12
(-34 - -20) + (-30 + 52 - 60)
-52
What is 1 + 23 + (78 + -55 - 25)?
22
Calculate -16 + (52 - (128 + -84)).
-8
(11 - -30) + -100 + 39
-20
Calculate (9 - 15) + 16 + (-16 - -10)